+ (-2 + (-2 - -4) - -7).
-49
What is -296 - -290 - (-53 + -10)?
57
1 + 38 + -4 + 99 + -120
14
What is the value of 2 + -6 - (-1 + 52 + 67 + -41 + -5)?
-76
-75 - (-18 + 37 + 10 - 8)
-96
Calculate 2 + (8 - -1) + -6 + (14 - -37).
56
-25 - (-18 + -12 + 14) - -19
10
(91 - 2) + ((-29 - -25) + 18 - 23)
80
-9 + 17 + (-1 + 2 - 34) + (110 - 96)
-11
What is the value of 2 + (-67 - -1 - 3) + (-54 - -54 - -1)?
-66
What is the value of 47 + 25 + -18 - 37?
17
Calculate 112 + -132 + (4 - 6 - 60).
-82
Calculate 29 + (-26 - (10 + -19 + 35)).
-23
62 + 7 + (-25 - -5) + -5
44
(0 - -39) + (-35 - -23 - (84 - 83))
26
9 + 0 + 9 + (-23 - -9) + (146 - 240)
-90
What is 75 - ((85 - -89) + -96)?
-3
What is -1 - -22 - (29 - (10 - (-58 + 56)))?
4
Calculate 95 + -70 - (14 - (-19 - -2)).
-6
54 - ((-237 - -243) + (2 - (5 + -6)))
45
What is the value of 12 - (0 + 8) - (-1 - (12 + -3))?
14
What is the value of -20 - ((3 - 24 - -3) + 3 + 18)?
-23
Evaluate -68 + 91 - (-21 + 70).
-26
Calculate 85 + -226 + 128 - (25 - -1).
-39
What is the value of -9 - (-52 - -74) - (-1 - (-1 - 8))?
-39
Evaluate 8 - (-19 + 17) - -7 - -4.
21
-19 + (24 - -64) - 54
15
Calculate -57 - (-98 - -20 - -79).
-58
Evaluate 3 + -7 + (103 - 109).
-10
42 + (-2 - 21) + -12 + 31
38
What is the value of (1 - 2) + -19 + (-340 - -383)?
23
Calculate 8 + 25 - (134 - 59).
-42
What is the value of 125 + -49 + 21 + -2?
95
Evaluate 0 - 15 - (3043 - 3097).
39
What is the value of 54 + (57 - 95) + 36?
52
Calculate (-30 + 17 - 5) + -10 + 18.
-10
What is the value of -13 + 6 - 5 - (-10 - (-12 + 35))?
21
(56 - -1) + (-48 + 26 - -10 - 3)
42
What is the value of 5779 + -5765 - (0 - (-1 - 22)) - (-124 - -1)?
114
Calculate 1 + 15 + (-6 - (11 + -32)).
31
What is the value of -39 + 53 + (42 - 31 - (70 - -2))?
-47
Evaluate 6 - (-2 + -2 - -20) - (49 - 26).
-33
Calculate 120 - (20 - (-112 + -11)).
-23
Calculate (91 - 18) + 79 + -180.
-28
What is the value of 195 + (-78 + -47 - 3)?
67
Evaluate -3 + 25 + 951 + -979 - (-71 - 1).
66
What is -185 + 198 + (-14 - 0)?
-1
Calculate 389 + -412 - (-3 - -1) - -11.
-10
Evaluate 113 - 134 - (46 - (3 - 8)).
-72
Evaluate 47 - (-95 - -43 - -44 - 1).
56
What is 35 + 0 + -168 + 0 + 17?
-116
(1 - -1) + -28 + (3275 - 3263)
-14
Evaluate 26 + 22 + -19 + -73 + (4 - 1).
-41
-92 + (0 - -7 - (-99 + 114)) - (-5 - -1)
-96
Evaluate 123 + ((-3 - -11) + -1 - (1813 - 1816)).
133
What is the value of (3 + -52 - (-1 + -1)) + (2800 - 2800)?
-47
1 + 20 + (-15 - -5) - -21
32
Calculate (-7 - 4 - (-29 + (9 - -1))) + -10 + 31.
29
What is the value of -1 + 5 + 1 - (36 + -65 + (-1 - -9))?
26
Evaluate 5 + (0 - -1) + -217 + 378 + -206.
-39
Evaluate -5402 + 5429 + 6 + 37.
70
Calculate 4 + -30 - (1684 + -1656).
-54
What is -26 - -19 - (131 - 213)?
75
-8 + 22 + -23 + -46
-55
What is the value of 0 + -10 + -1 - (-1 + -1 - (3313 - 3321))?
-17
(11 + (-3 - (-9 - (9 + -21))) - 7) + 27
25
What is -1925 + 1856 - (-79 + -1)?
11
What is -1 + -4 + 13 - (72 + -137 - -51)?
22
Calculate 18 + (-35 - (-17 + -23)) + 2.
25
What is the value of 82 + (0 - 24) + (59 - (-10 - -57))?
70
Calculate 33 - (-45 - (-82 + -14)) - -38.
20
Calculate -3 + (-19 + 17 - 2 - (1 - -4)).
-12
-34 + -4 + 25 + -16 + 102
73
What is -129 - ((81 - 19) + -118)?
-73
Evaluate (7 - 3) + -18 - (-294 + 292).
-12
Evaluate -13 - (-36 - (-39 + 74)).
58
91 - (-7 + 204 + -108)
2
Evaluate 0 - (-10 + 31 + -11) - (-2 - (-6 + 13)).
-1
What is (-23 - -3) + 75 - 79?
-24
Evaluate (-93 - 13) + -12 + (-4 - 4).
-126
What is -8 + -1 + 142 + 25 + -148 + (-4 - -1)?
7
Calculate 73 + 0 - (-1753 - -1907).
-81
Calculate (-29 - (-15 + -14)) + -50.
-50
What is the value of 6531 + -6589 - ((0 - -1) + -18)?
-41
What is the value of 61 + -1 + 942 + -1063?
-61
What is 14 - (-64 + (7 + 4 - 11 - 0) + 0)?
78
What is the value of (-9 - (6 + (-3 - (1 + -4)) + -13)) + -128?
-130
Evaluate (22 - -48) + -41 + 39 + 43.
111
What is -1 - -3 - (54 + -32) - (50 - -3)?
-73
39 - 1 - (23 - (41 + -57))
-1
385 + -372 - (3 - (-5 + 7))
12
(-8 - 31) + 18 + 19
-2
(699 - 694) + 11 + -1 + 1
16
What is -2 - ((31 - -13) + -30)?
-16
What is 1 - 47 - (20 + (-5 - (-13 + 22)))?
-52
What is the value of 69 + 56 + -147 + 48?
26
-334 + 357 - (-5 - -1) - (-12 - -1)
38
What is (-1 - 1) + 59 + 43 + (-8 - 43)?
49
Calculate -46 - (-61 - (-34 + -22)).
-41
What is (-2981 - -3010 - (60 - 0)) + 133?
102
Calculate 9 + (2 - (-3 + 0 - -107)).
-93
What is the value of 11 + 1 + (-1 - (5 + -1)) + (-944 - -872)?
-65
What is (-16 - -15 - -14) + (27 - 20)?
20
What is (100 - (-7 - -110)) + (-10 - -1)?
-12
Evaluate 23 - (86 - (31 + 12)).
-20
Evaluate -166 + 84 - (-25 + -61).
4
What is the value of 124 - 33 - 204 - -191?
78
(-1 + -25 - 16) + 52
10
What is the value of -95 - 1 - (66 - (205 + -170))?
-127
Calculate -41 - (82 - (-3 + 41) - 19).
-66
Evaluate -244 + (-106 + 237 - 13).
-126
-104 + 73 - ((-90 - 2) + 1)
60
What is 15 + -41 + 58 + -16?
16
(-17 - (-15 - 2)) + 33 - 16
17
Evaluate -77 + (87 + -42 - 10).
-42
Calculate -1 + (93 - 191 - -65).
-34
Evaluate 11 - 2 - (15 + 14 + (-22 - -9 - 28)).
21
2 + (-9 - -4) + -9 + 5 - (-34 - 20)
47
Calculate -3 + 51 + -9 + (43 + -28 - (11 - 2)).
45
12 - (30 - 5 - ((-29 - -20) + (2 - -19)))
-1
-28 + (-50 - -53) - -59
34
What is (28 - (-12 + 34)) + 19?
25
-1 - 19 - (227 + -86 + -114)
-47
-46 - -18 - -103 - 39
36
Evaluate (2 + (0 - 3) - (-2 - 3)) + 9.
13
5 - 1 - (7 + -15) - (13 + -32)
31
Calculate 31 + -66 + 21 + 50.
36
18 - (-191 - (-157 + 85))
137
(2 + 17 + -6 - 32) + 24
5
Calculate -10 - (1 - (-35 + 24) - -58).
-80
10 + 1 + 80 + -96 + 122 + (2 - -8)
127
Calculate (-7 + 7 + -19 - (-10 - 1)) + (22 - -2).
16
Evaluate (1 - (51 - -21)) + 24.
-47
What is 13 + (59 - 23 - 41) + 18 + -3?
23
What is 38 - (44 - 24) - (-98 + -1) - -8?
125
Evaluate 2 + (-5 - 1) + 8 + (-32 - (38 + -62)).
-4
What is the value of 1 + 2 + -5 + -9 - (-29 + (-45 - -78))?
-15
Calculate -92 + (-73 - -101) - 36.
-100
14 + (17 - 32) + -1 + -29
-31
What is the value of 15 + (-4 - -10 - 24 - (64 + -79))?
12
Evaluate -6 - 0 - (-32 + 70 + (6 - 20)).
-30
Evaluate -38 - (3 - (-38 + 35)).
-44
What is -11 + 52 + -37 - 23?
-19
Evaluate 17 + -33 + -24 + -3 + 0 - (5 + -3).
-45
Calculate (16 - -89 - 87) + (-2 - -41).
57
Calculate -10215 + 10176 + 0 + 36.
-3
Evaluate 7 + (-1 + 15 + 1 + -5 - (3 - 2)).
16
What is the value of (5 - (0 - 19)) + (147 - 167)?
4
Evaluate 18858 - 18851 - (2 + 0 + -18).
23
5 - (64 - 49 - (5 - 1)) - -19
13
What is the value of -6 + (2 - 2) + (2 - 0) + (-379 - -382)?
-1
Evaluate 119 + (1 - 2) - 12 - (24 + -14 - 22).
118
Evaluate -29 - (28 + -38 + 17 + -2).
-34
(-63 - -37) + 75 + -36
13
Calculate 12 + -13 + (16 - (3 + -12 - -22)).
2
What is the value of -2 + (-34 - -36 - -33)?
33
Evaluate 55 - (-3 + 1 + 3 - (27 - 20)).
61
Evaluate -97 - -1 - (-350 + 83 + 241).
-70
Calculate -24 + (36 - 6 - 8) - (66 - 0) - 12.
-80
8 - (9 - (1 - (-44 + -14)))
58
Calculate 2 + -1 + 2 - (16 + -21 + (8 - 3)).
3
What is -26 + (15 + -5 - (12 - 43))?
15
What is the value of -10 - 13 - ((238 - 242) + -3 + (22 - 0))?
-38
Calculate (-3 - (2 + 1)) + -15 + (8 - 5) + -41.
-59
What is the value of -85 + 73 + (11 - (-9 - -2))?
6
What is the value of 170 + -185 + (-3 - (0 + 3))?
-21
Evaluate -18 + (21 + 7 + -12 + -10 - 1) + 0.
-13
(145 + -119 - 99) + 55
-18
-3 + -6 + -5 - -7 - -110 - (235 - 226)
94
Evaluate (0 - -3) + -1 - (136 - 173) - 1.
38
What is the value of 1 + 7 - ((17 - (-30 + 23)) + -10) - -95?
89
Evaluate (655 - 710) + (14 - 0).
-41
Calculate 4 + -102 + (-14 + -2 - -16 - -18).
-80
-40 - (2 + -14) - -18 - (13 + -50)
27
What is (56 - 33 - (-3 - -19)) + (2 - -49) - 2?
56
Calculate 1 + -40 + (-21 - (-48 - (-52 + (-3 - -25)))).
-42
Evaluate -7 - 4 - (47 + -25 - 0).
-33
28 + 96 + -115 - (-1 - 5)
15
What is -6 + -38 + 48 + -5 + -1 + 8 + -47?
-41
(-2 - 14) + -176 + 97 + 14
-81
What is the value of (-192 - -138) + 62 - (22 - ((0 - -3) + 0))?
-11
(4 - 8) + 7 + (-17 - -36 - 69)
-47
(-6 - 18) + (30 - 2)
4
Evaluate -15 - (-7 + -1 + 5 - -9 - 9).
-12
What is 3 + 135 - (311 - 316)?
143
What is -14 + 81 - 27 - -21?
61
What is (341 - 324) + -8 + 12 + 3 + 65?
89
What is the value of (-17 - 58) + 83 - ((-2 - -12) + 1) - -110?
107
What is -30 + -1 + 9 - (6 + -4)?
-24
What is 17 - (12 - (14 + -16) - 2) - (7 - -1)?
-3
Evaluate 150 + -177 - (2 - (6 - 13 - (3 + -8))).
-31
What is the value of (-16 + 5 